{"id":208,"date":"2023-02-19T08:29:21","date_gmt":"2023-02-19T07:29:21","guid":{"rendered":"https:\/\/rekrutacja.wsgk.com.pl\/?page_id=208"},"modified":"2023-02-19T08:29:21","modified_gmt":"2023-02-19T07:29:21","slug":"ankieta-osobowa-na-studia-jednolite","status":"publish","type":"page","link":"https:\/\/rekrutacja.wsgk.com.pl\/index.php\/ankieta-osobowa-na-studia-jednolite\/","title":{"rendered":"Ankieta osobowa na studia jednolite"},"content":{"rendered":"\n<div class=\"wpcf7 no-js\" id=\"wpcf7-f207-o1\" lang=\"pl-PL\" dir=\"ltr\" data-wpcf7-id=\"207\">\n<div class=\"screen-reader-response\"><p role=\"status\" aria-live=\"polite\" aria-atomic=\"true\"><\/p> <ul><\/ul><\/div>\n<form action=\"\/index.php\/wp-json\/wp\/v2\/pages\/208#wpcf7-f207-o1\" method=\"post\" class=\"wpcf7-form init\" aria-label=\"Formularz kontaktowy\" enctype=\"multipart\/form-data\" novalidate=\"novalidate\" data-status=\"init\">\n<fieldset class=\"hidden-fields-container\"><input type=\"hidden\" name=\"_wpcf7\" value=\"207\" \/><input type=\"hidden\" name=\"_wpcf7_version\" value=\"6.1.5\" \/><input type=\"hidden\" name=\"_wpcf7_locale\" value=\"pl_PL\" \/><input type=\"hidden\" name=\"_wpcf7_unit_tag\" value=\"wpcf7-f207-o1\" \/><input type=\"hidden\" name=\"_wpcf7_container_post\" value=\"0\" \/><input type=\"hidden\" name=\"_wpcf7_posted_data_hash\" value=\"\" \/>\n<\/fieldset>\n<h2>Prosimy wybra\u0107 Wydzia\u0142 oraz kierunek studi\u00f3w.\n<\/h2>\n<p><label> Wybierz Wydzia\u0142<br \/>\n<span class=\"wpcf7-form-control-wrap\" data-name=\"wydzial\"><select class=\"wpcf7-form-control wpcf7-select wpcf7-validates-as-required\" aria-required=\"true\" aria-invalid=\"false\" name=\"wydzial\"><option value=\"Wydzia\u0142 Administracji i Nauk Spo\u0142ecznych\">Wydzia\u0142 Administracji i Nauk Spo\u0142ecznych<\/option><\/select><\/span> <\/label>\n<\/p>\n<p><label> Wybierz kierunek studi\u00f3w<br \/>\n<span class=\"wpcf7-form-control-wrap\" data-name=\"kierunek\"><select class=\"wpcf7-form-control wpcf7-select wpcf7-validates-as-required\" aria-required=\"true\" aria-invalid=\"false\" name=\"kierunek\"><option value=\"Pedagogika wczesnoszkolna i przedszkolna - jednolite\">Pedagogika wczesnoszkolna i przedszkolna - jednolite<\/option><option value=\"Psychologia - jednolite\">Psychologia - jednolite<\/option><\/select><\/span> <\/label><br \/>\n<label> Stacjonarne\/Niestacjonarne<br \/>\n<span class=\"wpcf7-form-control-wrap\" data-name=\"stacjonarne\"><select class=\"wpcf7-form-control wpcf7-select wpcf7-validates-as-required\" aria-required=\"true\" aria-invalid=\"false\" name=\"stacjonarne\"><option value=\"Niestacjonarne\">Niestacjonarne<\/option><\/select><\/span> <\/label>\n<\/p>\n<h2>Prosimy poda\u0107 dane osobowe.\n<\/h2>\n<p><label> Nazwisko<br \/>\n<span class=\"wpcf7-form-control-wrap\" data-name=\"nazwisko\"><input size=\"40\" maxlength=\"400\" class=\"wpcf7-form-control wpcf7-text wpcf7-validates-as-required\" aria-required=\"true\" aria-invalid=\"false\" value=\"\" type=\"text\" name=\"nazwisko\" \/><\/span> <\/label>\n<\/p>\n<p><label> Imi\u0119<br \/>\n<span class=\"wpcf7-form-control-wrap\" data-name=\"imie\"><input size=\"40\" maxlength=\"400\" class=\"wpcf7-form-control wpcf7-text wpcf7-validates-as-required\" aria-required=\"true\" aria-invalid=\"false\" value=\"\" type=\"text\" name=\"imie\" \/><\/span> <\/label>\n<\/p>\n<p><label> Drugie imi\u0119<br \/>\n<span class=\"wpcf7-form-control-wrap\" data-name=\"drugieimie\"><input size=\"40\" maxlength=\"400\" class=\"wpcf7-form-control wpcf7-text wpcf7-validates-as-required\" aria-required=\"true\" aria-invalid=\"false\" value=\"\" type=\"text\" name=\"drugieimie\" \/><\/span> <\/label>\n<\/p>\n<p><label> Za\u0142\u0105cz fotografi\u0119 300x375 pikseli, format jpg\/jpeg, rozmiar maksymalny 15 megabajt\u00f3w<br \/>\n<span class=\"wpcf7-form-control-wrap\" data-name=\"efoto\"><input size=\"40\" class=\"wpcf7-form-control wpcf7-file\" accept=\".jpg,.jpeg\" aria-invalid=\"false\" type=\"file\" name=\"efoto\" \/><\/span><br \/>\n<\/label>\n<\/p>\n<p><label> Nazwisko rodowe<br \/>\n<span class=\"wpcf7-form-control-wrap\" data-name=\"nazwiskorodowe\"><input size=\"40\" maxlength=\"400\" class=\"wpcf7-form-control wpcf7-text\" aria-invalid=\"false\" value=\"\" type=\"text\" name=\"nazwiskorodowe\" \/><\/span> <\/label>\n<\/p>\n<p><label> Data urodzenia<br \/>\n<span class=\"wpcf7-form-control-wrap\" data-name=\"dataurodzenia\"><input class=\"wpcf7-form-control wpcf7-date wpcf7-validates-as-required wpcf7-validates-as-date\" aria-required=\"true\" aria-invalid=\"false\" value=\"\" type=\"date\" name=\"dataurodzenia\" \/><\/span> <\/label>\n<\/p>\n<p><label> Miejsce urodzenia<br \/>\n<span class=\"wpcf7-form-control-wrap\" data-name=\"miejsceurodzenia\"><input size=\"40\" maxlength=\"400\" class=\"wpcf7-form-control wpcf7-text wpcf7-validates-as-required\" aria-required=\"true\" aria-invalid=\"false\" value=\"\" type=\"text\" name=\"miejsceurodzenia\" \/><\/span> <\/label>\n<\/p>\n<p><label> Kraj urodzenia<br \/>\n<span class=\"wpcf7-form-control-wrap\" data-name=\"krajurodzenia\"><input size=\"40\" maxlength=\"400\" class=\"wpcf7-form-control wpcf7-text wpcf7-validates-as-required\" aria-required=\"true\" aria-invalid=\"false\" value=\"\" type=\"text\" name=\"krajurodzenia\" \/><\/span> <\/label>\n<\/p>\n<p><label> Obywatelstwo<br \/>\n<span class=\"wpcf7-form-control-wrap\" data-name=\"obywatelstwo\"><input size=\"40\" maxlength=\"400\" class=\"wpcf7-form-control wpcf7-text wpcf7-validates-as-required\" aria-required=\"true\" aria-invalid=\"false\" value=\"\" type=\"text\" name=\"obywatelstwo\" \/><\/span> <\/label>\n<\/p>\n<p><label> PESEL<br \/>\n<span class=\"wpcf7-form-control-wrap\" data-name=\"pesel\"><input class=\"wpcf7-form-control wpcf7-number wpcf7-validates-as-number\" aria-invalid=\"false\" value=\"\" type=\"number\" name=\"pesel\" \/><\/span> <\/label>\n<\/p>\n<p><label> Seria dowodu to\u017csamo\u015bci<br \/>\n<span class=\"wpcf7-form-control-wrap\" data-name=\"seriadowodu\"><input size=\"40\" maxlength=\"400\" class=\"wpcf7-form-control wpcf7-text\" aria-invalid=\"false\" value=\"\" type=\"text\" name=\"seriadowodu\" \/><\/span> <\/label>\n<\/p>\n<p><label> Numer dowodu to\u017csamo\u015bci<br \/>\n<span class=\"wpcf7-form-control-wrap\" data-name=\"numerdowodu\"><input class=\"wpcf7-form-control wpcf7-number wpcf7-validates-as-number\" aria-invalid=\"false\" value=\"\" type=\"number\" name=\"numerdowodu\" \/><\/span> <\/label>\n<\/p>\n<h2>Prosimy poda\u0107 dane kontaktowe.\n<\/h2>\n<p><label> Numer telefonu<br \/>\n<span class=\"wpcf7-form-control-wrap\" data-name=\"telefon\"><input size=\"40\" maxlength=\"400\" class=\"wpcf7-form-control wpcf7-tel wpcf7-validates-as-required wpcf7-text wpcf7-validates-as-tel\" aria-required=\"true\" aria-invalid=\"false\" value=\"\" type=\"tel\" name=\"telefon\" \/><\/span> <\/label>\n<\/p>\n<p><label> Adres email<br \/>\n<span class=\"wpcf7-form-control-wrap\" data-name=\"email\"><input size=\"40\" maxlength=\"400\" class=\"wpcf7-form-control wpcf7-email wpcf7-validates-as-required wpcf7-text wpcf7-validates-as-email\" aria-required=\"true\" aria-invalid=\"false\" value=\"\" type=\"email\" name=\"email\" \/><\/span> <\/label>\n<\/p>\n<p><label> Adres zamieszkania<br \/>\n<span class=\"wpcf7-form-control-wrap\" data-name=\"adres\"><input size=\"40\" maxlength=\"400\" class=\"wpcf7-form-control wpcf7-text wpcf7-validates-as-required\" aria-required=\"true\" aria-invalid=\"false\" value=\"\" type=\"text\" name=\"adres\" \/><\/span> <\/label>\n<\/p>\n<p><label> Miejscowo\u015b\u0107<br \/>\n<span class=\"wpcf7-form-control-wrap\" data-name=\"miejscowosc\"><input size=\"40\" maxlength=\"400\" class=\"wpcf7-form-control wpcf7-text wpcf7-validates-as-required\" aria-required=\"true\" aria-invalid=\"false\" value=\"\" type=\"text\" name=\"miejscowosc\" \/><\/span> <\/label>\n<\/p>\n<p><label> Kod pocztowy<br \/>\n<span class=\"wpcf7-form-control-wrap\" data-name=\"kodpocztowy\"><input size=\"40\" maxlength=\"400\" class=\"wpcf7-form-control wpcf7-text wpcf7-validates-as-required\" aria-required=\"true\" aria-invalid=\"false\" value=\"\" type=\"text\" name=\"kodpocztowy\" \/><\/span> <\/label>\n<\/p>\n<p><label> Wojew\u00f3dztwo<br \/>\n<span class=\"wpcf7-form-control-wrap\" data-name=\"wojewodztwo\"><input size=\"40\" maxlength=\"400\" class=\"wpcf7-form-control wpcf7-text wpcf7-validates-as-required\" aria-required=\"true\" aria-invalid=\"false\" value=\"\" type=\"text\" name=\"wojewodztwo\" \/><\/span> <\/label>\n<\/p>\n<h2>Uko\u0144czona szko\u0142a\n<\/h2>\n<p><label> Uko\u0144czona szko\u0142a \u015brednia<br \/>\n<span class=\"wpcf7-form-control-wrap\" data-name=\"szkolasrednia\"><input size=\"40\" maxlength=\"400\" class=\"wpcf7-form-control wpcf7-text wpcf7-validates-as-required\" aria-required=\"true\" aria-invalid=\"false\" value=\"\" type=\"text\" name=\"szkolasrednia\" \/><\/span> <\/label>\n<\/p>\n<p><label> Adres szko\u0142y<br \/>\n<span class=\"wpcf7-form-control-wrap\" data-name=\"adresszkoly\"><input size=\"40\" maxlength=\"400\" class=\"wpcf7-form-control wpcf7-text wpcf7-validates-as-required\" aria-required=\"true\" aria-invalid=\"false\" value=\"\" type=\"text\" name=\"adresszkoly\" \/><\/span> <\/label>\n<\/p>\n<p><label> Miejscowo\u015b\u0107 i kod pocztowy uko\u0144czonej Szko\u0142y<br \/>\n<span class=\"wpcf7-form-control-wrap\" data-name=\"miejscowoscszkoly\"><input size=\"40\" maxlength=\"400\" class=\"wpcf7-form-control wpcf7-text wpcf7-validates-as-required\" aria-required=\"true\" aria-invalid=\"false\" value=\"\" type=\"text\" name=\"miejscowoscszkoly\" \/><\/span> <\/label>\n<\/p>\n<p><label> Data uko\u0144czenia szko\u0142y<br \/>\n<span class=\"wpcf7-form-control-wrap\" data-name=\"dataukonczeniaszkoly\"><input class=\"wpcf7-form-control wpcf7-date wpcf7-validates-as-required wpcf7-validates-as-date\" aria-required=\"true\" aria-invalid=\"false\" value=\"\" type=\"date\" name=\"dataukonczeniaszkoly\" \/><\/span> <\/label>\n<\/p>\n<p><label> Seria i numer \u015bwiadectwa<br \/>\n<span class=\"wpcf7-form-control-wrap\" data-name=\"numerswiadectwa\"><input size=\"40\" maxlength=\"400\" class=\"wpcf7-form-control wpcf7-text\" aria-invalid=\"false\" value=\"\" type=\"text\" name=\"numerswiadectwa\" \/><\/span> <\/label><br \/>\n<label>Skan dokument\u00f3w uko\u0144czenia szko\u0142y \u015bredniej , \u015bwiadectwa dojrza\u0142o\u015bci, format jpg\/jpeg\/pdf, rozmiar maksymalny 15 megabajtow<br \/>\n<span class=\"wpcf7-form-control-wrap\" data-name=\"file1\"><input size=\"40\" class=\"wpcf7-form-control wpcf7-file\" accept=\".jpg,.jpeg,.pdf\" aria-invalid=\"false\" type=\"file\" name=\"file1\" \/><\/span><br \/>\n<\/label>\n<\/p>\n<h2>Dotyczy cudzoziemc\u00f3w.\n<\/h2>\n<p><label> Seria i numer Paszportu<br \/>\n<span class=\"wpcf7-form-control-wrap\" data-name=\"paszport\"><input size=\"40\" maxlength=\"400\" class=\"wpcf7-form-control wpcf7-text\" aria-invalid=\"false\" value=\"\" type=\"text\" name=\"paszport\" \/><\/span> <\/label>\n<\/p>\n<p><label> Seria i numer Karty Polaka<br \/>\n<span class=\"wpcf7-form-control-wrap\" data-name=\"kartapolaka\"><input size=\"40\" maxlength=\"400\" class=\"wpcf7-form-control wpcf7-text\" aria-invalid=\"false\" value=\"\" type=\"text\" name=\"kartapolaka\" \/><\/span> <\/label>\n<\/p>\n<h2>Orzeczenie o stopniu niepe\u0142nosprawno\u015bci.\n<\/h2>\n<p><label> Orzeczony stopie\u0144 o niepe\u0142nosprawno\u015bci lub inwalidztwie.<br \/>\n<span class=\"wpcf7-form-control-wrap\" data-name=\"niepelnosprawnosc\"><input size=\"40\" maxlength=\"400\" class=\"wpcf7-form-control wpcf7-text\" aria-invalid=\"false\" value=\"\" type=\"text\" name=\"niepelnosprawnosc\" \/><\/span> <\/label>\n<\/p>\n<h2>Uko\u0144czona Uczelnia.\n<\/h2>\n<p><label> Studiuj\u0119 lub uko\u0144czy\u0142em\/am studia w szkole wy\u017cszej, nazwa Uczelni<br \/>\n<span class=\"wpcf7-form-control-wrap\" data-name=\"ukonczonauczelnia\"><input size=\"40\" maxlength=\"400\" class=\"wpcf7-form-control wpcf7-text\" aria-invalid=\"false\" value=\"\" type=\"text\" name=\"ukonczonauczelnia\" \/><\/span> <\/label>\n<\/p>\n<p><label> Wydzia\u0142<br \/>\n<span class=\"wpcf7-form-control-wrap\" data-name=\"ukonczonywydzial\"><input size=\"40\" maxlength=\"400\" class=\"wpcf7-form-control wpcf7-text\" aria-invalid=\"false\" value=\"\" type=\"text\" name=\"ukonczonywydzial\" \/><\/span> <\/label>\n<\/p>\n<p><label> Kierunek<br \/>\n<span class=\"wpcf7-form-control-wrap\" data-name=\"ukonczonykierunek\"><input size=\"40\" maxlength=\"400\" class=\"wpcf7-form-control wpcf7-text\" aria-invalid=\"false\" value=\"\" type=\"text\" name=\"ukonczonykierunek\" \/><\/span> <\/label>\n<\/p>\n<p><label> Forma studi\u00f3w<br \/>\n<span class=\"wpcf7-form-control-wrap\" data-name=\"formastudiow\"><input size=\"40\" maxlength=\"400\" class=\"wpcf7-form-control wpcf7-text\" aria-invalid=\"false\" value=\"\" type=\"text\" name=\"formastudiow\" \/><\/span> <\/label>\n<\/p>\n<p><label> Miejscowo\u015b\u0107<br \/>\n<span class=\"wpcf7-form-control-wrap\" data-name=\"miejscowoscstudiow\"><input size=\"40\" maxlength=\"400\" class=\"wpcf7-form-control wpcf7-text\" aria-invalid=\"false\" value=\"\" type=\"text\" name=\"miejscowoscstudiow\" \/><\/span> <\/label>\n<\/p>\n<p><label> Wojew\u00f3dztwo<br \/>\n<span class=\"wpcf7-form-control-wrap\" data-name=\"wojewodztwostudiow\"><input size=\"40\" maxlength=\"400\" class=\"wpcf7-form-control wpcf7-text\" aria-invalid=\"false\" value=\"\" type=\"text\" name=\"wojewodztwostudiow\" \/><\/span> <\/label>\n<\/p>\n<p><label> Data rozpocz\u0119cia studi\u00f3w<br \/>\n<span class=\"wpcf7-form-control-wrap\" data-name=\"startstudiow\"><input class=\"wpcf7-form-control wpcf7-date wpcf7-validates-as-date\" aria-invalid=\"false\" value=\"\" type=\"date\" name=\"startstudiow\" \/><\/span> <\/label>\n<\/p>\n<p><label> Data zako\u0144czenia studi\u00f3w<br \/>\n<span class=\"wpcf7-form-control-wrap\" data-name=\"koniecstudiow\"><input class=\"wpcf7-form-control wpcf7-date wpcf7-validates-as-date\" aria-invalid=\"false\" value=\"\" type=\"date\" name=\"koniecstudiow\" \/><\/span> <\/label>\n<\/p>\n<p><label> Liczba semestr\u00f3w<br \/>\n<span class=\"wpcf7-form-control-wrap\" data-name=\"ilesemestrow\"><input class=\"wpcf7-form-control wpcf7-number wpcf7-validates-as-number\" aria-invalid=\"false\" value=\"\" type=\"number\" name=\"ilesemestrow\" \/><\/span> <\/label>\n<\/p>\n<p><label> Kontynuuj\u0119 \/ przerwa\u0142em\/am studia z powodu<br \/>\n<span class=\"wpcf7-form-control-wrap\" data-name=\"studiakonieckontynuacja\"><input size=\"40\" maxlength=\"400\" class=\"wpcf7-form-control wpcf7-text\" aria-invalid=\"false\" value=\"\" type=\"text\" name=\"studiakonieckontynuacja\" \/><\/span> <\/label><br \/>\n<label>Skan dyplomu uko\u0144czenia szko\u0142y wy\u017cszej, skan suplementu, format jpg\/jpeg\/pdf, rozmiar maksymalny 15 megabajtow<br \/>\n<span class=\"wpcf7-form-control-wrap\" data-name=\"file2\"><input size=\"40\" class=\"wpcf7-form-control wpcf7-file\" accept=\".jpg,.jpeg,.pdf\" aria-invalid=\"false\" type=\"file\" name=\"file2\" \/><\/span><br \/>\n<\/label><br \/>\n<label>Skan dowodu uiszczenia op\u0142aty rekrutacyjnej, format jpg\/jpeg\/pdf, rozmiar maksymalny 15 megabajtow<br \/>\n<span class=\"wpcf7-form-control-wrap\" data-name=\"file3\"><input size=\"40\" class=\"wpcf7-form-control wpcf7-file\" accept=\".jpg,.jpeg,.pdf\" aria-invalid=\"false\" type=\"file\" name=\"file3\" \/><\/span><br \/>\n<\/label>\n<\/p>\n<p><span class=\"wpcf7-form-control-wrap\" data-name=\"warunkiitrybrekrutacji\"><span class=\"wpcf7-form-control wpcf7-acceptance\"><span class=\"wpcf7-list-item\"><label><input type=\"checkbox\" name=\"warunkiitrybrekrutacji\" value=\"1\" aria-invalid=\"false\" \/><span class=\"wpcf7-list-item-label\">Zapozna\u0142em\/am si\u0119 z niniejszymi warunkami i trybem rekrutacji ANSGK.<\/span><\/label><\/span><\/span><\/span><br \/>\n<span class=\"wpcf7-form-control-wrap\" data-name=\"regulaminstudiow\"><span class=\"wpcf7-form-control wpcf7-acceptance\"><span class=\"wpcf7-list-item\"><label><input type=\"checkbox\" name=\"regulaminstudiow\" value=\"1\" aria-invalid=\"false\" \/><span class=\"wpcf7-list-item-label\">Zapozna\u0142em\/am si\u0119 z <a href=\"https:\/\/wsgk.com.pl\/bfd_download\/regulamin-studiow-2019\/\">Regulaminem Studi\u00f3w<\/a><\/span><\/label><\/span><\/span><\/span><br \/>\n<span class=\"wpcf7-form-control-wrap\" data-name=\"regulaminplatnosci\"><span class=\"wpcf7-form-control wpcf7-acceptance\"><span class=\"wpcf7-list-item\"><label><input type=\"checkbox\" name=\"regulaminplatnosci\" value=\"1\" aria-invalid=\"false\" \/><span class=\"wpcf7-list-item-label\">Zapozna\u0142em\/am si\u0119 z <a href=\"https:\/\/wsgk.com.pl\/bfd_download\/regulamin-platnosci\/\">Regulaminem P\u0142atno\u015bci<\/a><\/span><\/label><\/span><\/span><\/span><br \/>\n<span class=\"wpcf7-form-control-wrap\" data-name=\"klauzulainf\"><span class=\"wpcf7-form-control wpcf7-acceptance\"><span class=\"wpcf7-list-item\"><label><input type=\"checkbox\" name=\"klauzulainf\" value=\"1\" aria-invalid=\"false\" \/><span class=\"wpcf7-list-item-label\">Zapozna\u0142em\/am si\u0119 z <a href=\"https:\/\/wsgk.com.pl\/wp-content\/uploads\/2020\/09\/Klauzula-informacyjna-KANDYDAT.pdf\">Klauzul\u0105 Informacyjn\u0105 ANSGK<\/a><\/span><\/label><\/span><\/span><\/span><br \/>\n<span class=\"wpcf7-form-control-wrap\" data-name=\"tabela\"><span class=\"wpcf7-form-control wpcf7-acceptance\"><span class=\"wpcf7-list-item\"><label><input type=\"checkbox\" name=\"tabela\" value=\"1\" aria-invalid=\"false\" \/><span class=\"wpcf7-list-item-label\">Zapozna\u0142em\/am si\u0119 z <a href=\"https:\/\/wsgk.com.pl\/bfd_download\/tabela-oplat-studia-i-i-ii-stopnia\/\">Za\u0142\u0105cznik do regulaminu p\u0142atno\u015bci (tabela op\u0142at)<\/a><\/span><\/label><\/span><\/span><\/span><br \/>\n<span class=\"wpcf7-form-control-wrap\" data-name=\"przetwarzaniedanychdorekrutacji\"><span class=\"wpcf7-form-control wpcf7-acceptance\"><span class=\"wpcf7-list-item\"><label><input type=\"checkbox\" name=\"przetwarzaniedanychdorekrutacji\" value=\"1\" aria-invalid=\"false\" \/><span class=\"wpcf7-list-item-label\">Wyra\u017cam zgod\u0119 na przetwarzanie moich danych osobowych w ramach prowadzonej rekrutacji.<\/span><\/label><\/span><\/span><\/span><br \/>\n<span class=\"wpcf7-form-control-wrap\" data-name=\"zgodanadane\"><span class=\"wpcf7-form-control wpcf7-acceptance\"><span class=\"wpcf7-list-item\"><label><input type=\"checkbox\" name=\"zgodanadane\" value=\"1\" aria-invalid=\"false\" \/><span class=\"wpcf7-list-item-label\">Wyra\u017cam zgod\u0119 na przetwarzanie moich danych osobowych, zgodnie z ustaw\u0105 z dnia 10 maja 2018 roku o ochronie danych osobowych - Dz. U. 2018 poz. 1000 z p\u00f3\u017aniejszymi zmianami - oraz zgodnie z art. 7 ust. 1 Rozporz\u0105dzenia Parlamentu Europejskiego i Rady UE 2016\/679 z dnia 27 kwietnia 2016 roku w sprawie ochrony os\u00f3b fizycznych w zwi\u0105zku z przetwarzaniem danych osobowych i w sprawie swobodnego przep\u0142ywu takich danych przez Akademi\u0119 Nauk Stosowanych Gospodarki Krajowej w Kutnie oraz umieszczenie informacji dotycz\u0105cych wynik\u00f3w post\u0119powania rekrutacyjnego na tablicy og\u0142osze\u0144 w niezb\u0119dnym zakresie.<\/span><\/label><\/span><\/span><\/span><br \/>\n<span class=\"wpcf7-form-control-wrap\" data-name=\"pradzwiwoscdanych\"><span class=\"wpcf7-form-control wpcf7-acceptance\"><span class=\"wpcf7-list-item\"><label><input type=\"checkbox\" name=\"pradzwiwoscdanych\" value=\"1\" aria-invalid=\"false\" \/><span class=\"wpcf7-list-item-label\">Potwierdzam prawdziwo\u015b\u0107 danych zawartych w ankiecie osobowej.<\/span><\/label><\/span><\/span><\/span>\n<\/p>\n<p><input class=\"wpcf7-form-control wpcf7-submit has-spinner\" type=\"submit\" value=\"Wy\u015blij\" \/>\n<\/p><div class=\"wpcf7-response-output\" aria-hidden=\"true\"><\/div>\n<\/form>\n<\/div>\n\n","protected":false},"excerpt":{"rendered":"","protected":false},"author":1,"featured_media":0,"parent":0,"menu_order":0,"comment_status":"closed","ping_status":"closed","template":"","meta":{"footnotes":""},"class_list":["post-208","page","type-page","status-publish","hentry"],"_links":{"self":[{"href":"https:\/\/rekrutacja.wsgk.com.pl\/index.php\/wp-json\/wp\/v2\/pages\/208","targetHints":{"allow":["GET"]}}],"collection":[{"href":"https:\/\/rekrutacja.wsgk.com.pl\/index.php\/wp-json\/wp\/v2\/pages"}],"about":[{"href":"https:\/\/rekrutacja.wsgk.com.pl\/index.php\/wp-json\/wp\/v2\/types\/page"}],"author":[{"embeddable":true,"href":"https:\/\/rekrutacja.wsgk.com.pl\/index.php\/wp-json\/wp\/v2\/users\/1"}],"replies":[{"embeddable":true,"href":"https:\/\/rekrutacja.wsgk.com.pl\/index.php\/wp-json\/wp\/v2\/comments?post=208"}],"version-history":[{"count":1,"href":"https:\/\/rekrutacja.wsgk.com.pl\/index.php\/wp-json\/wp\/v2\/pages\/208\/revisions"}],"predecessor-version":[{"id":209,"href":"https:\/\/rekrutacja.wsgk.com.pl\/index.php\/wp-json\/wp\/v2\/pages\/208\/revisions\/209"}],"wp:attachment":[{"href":"https:\/\/rekrutacja.wsgk.com.pl\/index.php\/wp-json\/wp\/v2\/media?parent=208"}],"curies":[{"name":"wp","href":"https:\/\/api.w.org\/{rel}","templated":true}]}}