{"id":179,"date":"2020-09-22T15:00:54","date_gmt":"2020-09-22T13:00:54","guid":{"rendered":"https:\/\/rekrutacja.wsgk.com.pl\/?page_id=179"},"modified":"2025-05-15T09:44:45","modified_gmt":"2025-05-15T07:44:45","slug":"ksztalcenie-specjalistyczne-nowosc-w-wyzszej-szkole-gospodarki-krajowej-w-kutnie","status":"publish","type":"page","link":"https:\/\/rekrutacja.wsgk.com.pl\/index.php\/ksztalcenie-specjalistyczne-nowosc-w-wyzszej-szkole-gospodarki-krajowej-w-kutnie\/","title":{"rendered":"Kszta\u0142cenie specjalistyczne \u2013 NOWO\u015a\u0106 W Wy\u017cszej Szkole Gospodarki Krajowej w Kutnie"},"content":{"rendered":"\t\t<div data-elementor-type=\"wp-page\" data-elementor-id=\"179\" class=\"elementor elementor-179\">\n\t\t\t\t<div class=\"elementor-element elementor-element-36f0e3e e-flex e-con-boxed e-con e-parent\" data-id=\"36f0e3e\" data-element_type=\"container\" data-e-type=\"container\">\n\t\t\t\t\t<div class=\"e-con-inner\">\n\t\t\t\t<div class=\"elementor-element elementor-element-8376847 elementor-widget elementor-widget-html\" data-id=\"8376847\" data-element_type=\"widget\" data-e-type=\"widget\" data-widget_type=\"html.default\">\n\t\t\t\t<div class=\"elementor-widget-container\">\n\t\t\t\t\t<div style=\"max-width: 1200px; margin: 0 auto; padding: 60px 20px; font-family: 'Segoe UI', sans-serif; background: #f2f6fa; color: #2c3e50;\">\n\n  <h1 style=\"text-align: center; color: #005f73; margin-bottom: 40px;\">\ud83c\udf93 Kszta\u0142cenie specjalistyczne \u2013 szybki zaw\u00f3d, realna przysz\u0142o\u015b\u0107<\/h1>\n\n  <div style=\"background: #ffffff; border-radius: 16px; padding: 30px 40px; margin-bottom: 40px; box-shadow: 0 10px 25px rgba(0, 0, 0, 0.05);\">\n    <h2 style=\"color: #005f73;\">\u2705 Dla kogo jest kszta\u0142cenie specjalistyczne?<\/h2>\n    <ul style=\"padding-left: 1.5rem; font-size: 1rem; line-height: 1.8;\">\n      <li>\u2714\ufe0f Je\u015bli chcesz <strong>szybko zdoby\u0107 zaw\u00f3d<\/strong> (tylko 3 semestry), bo jeste\u015b absolwentem liceum og\u00f3lnokszta\u0142c\u0105cego<\/li>\n      <li>\u2714\ufe0f Je\u015bli chcesz si\u0119 <strong>przekwalifikowa\u0107<\/strong> \u2013 uko\u0144czy\u0142e\u015b technikum lub szko\u0142\u0119 \u015bredni\u0105<\/li>\n      <li>\u2714\ufe0f Je\u015bli chcesz <strong>podnie\u015b\u0107 swoje kompetencje<\/strong> i przygotowa\u0107 si\u0119 do studi\u00f3w<\/li>\n    <\/ul>\n  <\/div>\n\n  <div style=\"background: #ffffff; border-radius: 16px; padding: 30px 40px; margin-bottom: 40px; box-shadow: 0 10px 25px rgba(0, 0, 0, 0.05);\">\n    <p>\n      Wy\u017csza Szko\u0142a Gospodarki Krajowej w Kutnie wprowadza do oferty <strong>kszta\u0142cenie specjalistyczne<\/strong> \u2013 dedykowane osobom bez matury oraz tym, kt\u00f3rzy nie chc\u0105 traci\u0107 czasu i od razu chc\u0105 zdoby\u0107 zaw\u00f3d.\n    <\/p>\n    <p>\n      <strong>Dzi\u0119ki tej \u015bcie\u017cce, po 3 semestrach \u2013 je\u015bli kandydat dostarczy \u015bwiadectwo maturalne \u2013 mo\u017ce rozpocz\u0105\u0107 studia licencjackie lub in\u017cynierskie od razu od II roku!<\/strong>\n    <\/p>\n    <p>\n      <a href=\"https:\/\/rekrutacja.wsgk.com.pl\/index.php\/kwestionariusz-osobowy-na-studia-specjalistyczne\/\" target=\"_blank\" style=\"display: inline-block; background: linear-gradient(135deg, #00bfa6, #00796b); color: #fff; padding: 14px 28px; border-radius: 10px; font-size: 1.1rem; font-weight: bold; text-decoration: none; margin-top: 15px; box-shadow: 0 5px 12px rgba(0, 0, 0, 0.1);\">\n        \ud83d\udcec WYPE\u0141NIJ ANKIET\u0118 I ZAPISZ SI\u0118 NA STUDIA\n      <\/a>\n    <\/p>\n    <p style=\"font-weight: bold; color: #d00000;\">\ud83d\udcc5 Rekrutacja trwa do ko\u0144ca pa\u017adziernika!<\/p>\n  <\/div>\n\n  <div style=\"background: #ffffff; border-radius: 16px; padding: 30px 40px; margin-bottom: 40px; box-shadow: 0 10px 25px rgba(0, 0, 0, 0.05);\">\n    <h2 style=\"color: #005f73;\">\ud83d\udcdc Dost\u0119pne specjalizacje:<\/h2>\n    <ol style=\"padding-left: 1.5rem; font-size: 1rem; line-height: 1.8;\">\n      <li><strong>Dyplomowany specjalista logistyk<\/strong><\/li>\n      <li><strong>Dyplomowany specjalista administracji<\/strong><\/li>\n      <li><strong>Dyplomowany specjalista informatyk<\/strong><\/li>\n      <li><strong>Dyplomowany specjalista ds. kadr i p\u0142ac<\/strong><\/li>\n      <li><strong>Dyplomowany specjalista kosmetologii stosowanej<\/strong><\/li>\n      <li><strong>Dyplomowany specjalista rachunkowo\u015bci<\/strong><\/li>\n      <li><strong>Dyplomowany specjalista ekonomista<\/strong><\/li>\n      <li><strong>Dyplomowany specjalista metod pomiarowych w geodezji<\/strong><\/li>\n    <\/ol>\n  <\/div>\n\n  <div style=\"background: #ffffff; border-radius: 16px; padding: 30px 40px; margin-bottom: 40px; box-shadow: 0 10px 25px rgba(0, 0, 0, 0.05);\">\n    <h2 style=\"color: #005f73;\">\u2139\ufe0f Informacje prawne i systemowe<\/h2>\n    <p>\n      Kszta\u0142cenie specjalistyczne jest cz\u0119\u015bci\u0105 szkolnictwa wy\u017cszego zgodnie z <strong>art. 161 ustawy Prawo o szkolnictwie wy\u017cszym i nauce<\/strong>. To poziom <strong>5 PRK<\/strong>, czyli etap mi\u0119dzy szko\u0142\u0105 \u015bredni\u0105 a studiami.\n    <\/p>\n    <p>\n      Ta forma edukacji jest popularna w Europie Zachodniej \u2013 stanowi tzw. <strong>\u201ekr\u00f3tki cykl\u201d kszta\u0142cenia wy\u017cszego<\/strong>. Cieszy si\u0119 du\u017cym zainteresowaniem w\u015br\u00f3d pracodawc\u00f3w i kandydat\u00f3w.\n    <\/p>\n    <p>\n      Absolwent mo\u017ce uzyska\u0107:\n      <ul style=\"padding-left: 1.5rem; line-height: 1.8;\">\n        <li><strong>\u015awiadectwo uko\u0144czenia kszta\u0142cenia specjalistycznego<\/strong> (bez matury)<\/li>\n        <li><strong>Dyplomowany specjalista<\/strong> (je\u015bli matur\u0119 uzyska\u0142 przed lub w trakcie nauki)<\/li>\n      <\/ul>\n    <\/p>\n  <\/div>\n\n  <div style=\"background: #ffffff; border-radius: 16px; padding: 30px 40px; margin-bottom: 40px; box-shadow: 0 10px 25px rgba(0, 0, 0, 0.05);\">\n    <h2 style=\"color: #005f73;\">\ud83d\udccc Warunki przyj\u0119cia<\/h2>\n    <ul style=\"padding-left: 1.5rem; font-size: 1rem; line-height: 1.8;\">\n      <li>\u2714\ufe0f uko\u0144czone technikum, szko\u0142a policealna lub bran\u017cowa II stopnia z egzaminem zawodowym<\/li>\n      <li>\u2714\ufe0f lub posiadanie \u015bwiadectwa dojrza\u0142o\u015bci<\/li>\n    <\/ul>\n    <p>\n      W chwili rekrutacji <strong>matura nie jest wymagana<\/strong>. Mo\u017cna j\u0105 dostarczy\u0107 p\u00f3\u017aniej, by uzyska\u0107 tytu\u0142 dyplomowanego specjalisty.\n    <\/p>\n  <\/div>\n\n  <div style=\"background: #ffffff; border-radius: 16px; padding: 30px 40px; margin-bottom: 40px; box-shadow: 0 10px 25px rgba(0, 0, 0, 0.05);\">\n    <h2 style=\"color: #005f73;\">\ud83d\udcca Podsumowanie: czym jest kszta\u0142cenie specjalistyczne?<\/h2>\n    <ul style=\"padding-left: 1.5rem; font-size: 1rem; line-height: 1.8;\">\n      <li>\ud83c\udf93 Tytu\u0142 zawodowy: <strong>specjalista dyplomowany<\/strong><\/li>\n      <li>\ud83d\udcc8 Poziom: <strong>5 PRK<\/strong><\/li>\n      <li>\u23f1\ufe0f Czas trwania: <strong>3 semestry<\/strong><\/li>\n      <li>\ud83d\udcbc Profil: <strong>praktyczny<\/strong><\/li>\n      <li>\ud83d\udcda Liczba ECTS: <strong>90<\/strong><\/li>\n      <li>\ud83d\udcb8 Op\u0142aty: <strong>ju\u017c od 250 z\u0142\/mies.<\/strong><\/li>\n      <li>\ud83e\uddfe Op\u0142ata rekrutacyjna: <strong>100 z\u0142<\/strong><\/li>\n    <\/ul>\n    <p><strong>\ud83d\udccc Kierunek uruchamiany po zebraniu minimalnej liczby zg\u0142osze\u0144.<br>\n    \ud83d\udcc5 Harmonogram ustalany po zako\u0144czeniu rekrutacji.<\/strong><\/p>\n  <\/div>\n\n  <div style=\"text-align: center;\">\n    <img decoding=\"async\" src=\"https:\/\/rekrutacja.wsgk.com.pl\/wp-content\/uploads\/2020\/09\/specjalistyczne.jpg\" alt=\"Specjalistyczne studia\" style=\"max-width: 100%; border-radius: 12px; box-shadow: 0 10px 25px rgba(0,0,0,0.1); margin-top: 20px;\">\n  <\/div>\n\n<\/div>\t\t\t\t<\/div>\n\t\t\t\t<\/div>\n\t\t\t\t\t<\/div>\n\t\t\t\t<\/div>\n\t\t\t\t<\/div>\n\t\t","protected":false},"excerpt":{"rendered":"<p>\ud83c\udf93 Kszta\u0142cenie specjalistyczne \u2013 szybki zaw\u00f3d, realna przysz\u0142o\u015b\u0107 \u2705 Dla kogo jest kszta\u0142cenie specjalistyczne? \u2714\ufe0f Je\u015bli chcesz szybko zdoby\u0107 zaw\u00f3d (tylko 3 semestry), bo jeste\u015b absolwentem liceum og\u00f3lnokszta\u0142c\u0105cego \u2714\ufe0f Je\u015bli chcesz si\u0119 przekwalifikowa\u0107 \u2013 uko\u0144czy\u0142e\u015b technikum lub szko\u0142\u0119 \u015bredni\u0105 \u2714\ufe0f Je\u015bli chcesz podnie\u015b\u0107 swoje kompetencje i przygotowa\u0107 si\u0119 do studi\u00f3w Wy\u017csza Szko\u0142a Gospodarki Krajowej w&hellip; <br \/> <a class=\"read-more\" href=\"https:\/\/rekrutacja.wsgk.com.pl\/index.php\/ksztalcenie-specjalistyczne-nowosc-w-wyzszej-szkole-gospodarki-krajowej-w-kutnie\/\">Dowiedz si\u0119 wi\u0119cej<\/a><\/p>\n","protected":false},"author":1,"featured_media":0,"parent":0,"menu_order":0,"comment_status":"closed","ping_status":"closed","template":"","meta":{"footnotes":""},"class_list":["post-179","page","type-page","status-publish","hentry"],"_links":{"self":[{"href":"https:\/\/rekrutacja.wsgk.com.pl\/index.php\/wp-json\/wp\/v2\/pages\/179","targetHints":{"allow":["GET"]}}],"collection":[{"href":"https:\/\/rekrutacja.wsgk.com.pl\/index.php\/wp-json\/wp\/v2\/pages"}],"about":[{"href":"https:\/\/rekrutacja.wsgk.com.pl\/index.php\/wp-json\/wp\/v2\/types\/page"}],"author":[{"embeddable":true,"href":"https:\/\/rekrutacja.wsgk.com.pl\/index.php\/wp-json\/wp\/v2\/users\/1"}],"replies":[{"embeddable":true,"href":"https:\/\/rekrutacja.wsgk.com.pl\/index.php\/wp-json\/wp\/v2\/comments?post=179"}],"version-history":[{"count":6,"href":"https:\/\/rekrutacja.wsgk.com.pl\/index.php\/wp-json\/wp\/v2\/pages\/179\/revisions"}],"predecessor-version":[{"id":362,"href":"https:\/\/rekrutacja.wsgk.com.pl\/index.php\/wp-json\/wp\/v2\/pages\/179\/revisions\/362"}],"wp:attachment":[{"href":"https:\/\/rekrutacja.wsgk.com.pl\/index.php\/wp-json\/wp\/v2\/media?parent=179"}],"curies":[{"name":"wp","href":"https:\/\/api.w.org\/{rel}","templated":true}]}}

Kształcenie specjalistyczne – NOWOŚĆ W Wyższej Szkole Gospodarki Krajowej w Kutnie

<div data-elementor-type="wp-page" data-elementor-id="179" class="elementor elementor-179">
				<div class="elementor-element elementor-element-36f0e3e e-flex e-con-boxed e-con e-parent" data-id="36f0e3e" data-element_type="container" data-e-type="container">
					<div class="e-con-inner">
				<div class="elementor-element elementor-element-8376847 elementor-widget elementor-widget-html" data-id="8376847" data-element_type="widget" data-e-type="widget" data-widget_type="html.default">
				<div class="elementor-widget-container">
					<div style="max-width: 1200px; margin: 0 auto; padding: 60px 20px; font-family: 'Segoe UI', sans-serif; background: #f2f6fa; color: #2c3e50;">

  <h1 style="text-align: center; color: #005f73; margin-bottom: 40px;">🎓 Kształcenie specjalistyczne – szybki zawód, realna przyszłość</h1>

  <div style="background: #ffffff; border-radius: 16px; padding: 30px 40px; margin-bottom: 40px; box-shadow: 0 10px 25px rgba(0, 0, 0, 0.05);">
    <h2 style="color: #005f73;">✅ Dla kogo jest kształcenie specjalistyczne?</h2>
    <ul style="padding-left: 1.5rem; font-size: 1rem; line-height: 1.8;">
      <li>✔️ Jeśli chcesz <strong>szybko zdobyć zawód</strong> (tylko 3 semestry), bo jesteś absolwentem liceum ogólnokształcącego</li>
      <li>✔️ Jeśli chcesz się <strong>przekwalifikować</strong> – ukończyłeś technikum lub szkołę średnią</li>
      <li>✔️ Jeśli chcesz <strong>podnieść swoje kompetencje</strong> i przygotować się do studiów</li>
    </ul>
  </div>

  <div style="background: #ffffff; border-radius: 16px; padding: 30px 40px; margin-bottom: 40px; box-shadow: 0 10px 25px rgba(0, 0, 0, 0.05);">
    <p>
      Wyższa Szkoła Gospodarki Krajowej w Kutnie wprowadza do oferty <strong>kształcenie specjalistyczne</strong> – dedykowane osobom bez matury oraz tym, którzy nie chcą tracić czasu i od razu chcą zdobyć zawód.
    </p>
    <p>
      <strong>Dzięki tej ścieżce, po 3 semestrach – jeśli kandydat dostarczy świadectwo maturalne – może rozpocząć studia licencjackie lub inżynierskie od razu od II roku!</strong>
    </p>
    <p>
      <a href="https://rekrutacja.wsgk.com.pl/index.php/kwestionariusz-osobowy-na-studia-specjalistyczne/" target="_blank" style="display: inline-block; background: linear-gradient(135deg, #00bfa6, #00796b); color: #fff; padding: 14px 28px; border-radius: 10px; font-size: 1.1rem; font-weight: bold; text-decoration: none; margin-top: 15px; box-shadow: 0 5px 12px rgba(0, 0, 0, 0.1);">
        📬 WYPEŁNIJ ANKIETĘ I ZAPISZ SIĘ NA STUDIA
      </a>
    </p>
    <p style="font-weight: bold; color: #d00000;">📅 Rekrutacja trwa do końca października!</p>
  </div>

  <div style="background: #ffffff; border-radius: 16px; padding: 30px 40px; margin-bottom: 40px; box-shadow: 0 10px 25px rgba(0, 0, 0, 0.05);">
    <h2 style="color: #005f73;">📜 Dostępne specjalizacje:</h2>
    <ol style="padding-left: 1.5rem; font-size: 1rem; line-height: 1.8;">
      <li><strong>Dyplomowany specjalista logistyk</strong></li>
      <li><strong>Dyplomowany specjalista administracji</strong></li>
      <li><strong>Dyplomowany specjalista informatyk</strong></li>
      <li><strong>Dyplomowany specjalista ds. kadr i płac</strong></li>
      <li><strong>Dyplomowany specjalista kosmetologii stosowanej</strong></li>
      <li><strong>Dyplomowany specjalista rachunkowości</strong></li>
      <li><strong>Dyplomowany specjalista ekonomista</strong></li>
      <li><strong>Dyplomowany specjalista metod pomiarowych w geodezji</strong></li>
    </ol>
  </div>

  <div style="background: #ffffff; border-radius: 16px; padding: 30px 40px; margin-bottom: 40px; box-shadow: 0 10px 25px rgba(0, 0, 0, 0.05);">
    <h2 style="color: #005f73;">ℹ️ Informacje prawne i systemowe</h2>
    <p>
      Kształcenie specjalistyczne jest częścią szkolnictwa wyższego zgodnie z <strong>art. 161 ustawy Prawo o szkolnictwie wyższym i nauce</strong>. To poziom <strong>5 PRK</strong>, czyli etap między szkołą średnią a studiami.
    </p>
    <p>
      Ta forma edukacji jest popularna w Europie Zachodniej – stanowi tzw. <strong>„krótki cykl” kształcenia wyższego</strong>. Cieszy się dużym zainteresowaniem wśród pracodawców i kandydatów.
    </p>
    <p>
      Absolwent może uzyskać:
      <ul style="padding-left: 1.5rem; line-height: 1.8;">
        <li><strong>Świadectwo ukończenia kształcenia specjalistycznego</strong> (bez matury)</li>
        <li><strong>Dyplomowany specjalista</strong> (jeśli maturę uzyskał przed lub w trakcie nauki)</li>
      </ul>
    </p>
  </div>

  <div style="background: #ffffff; border-radius: 16px; padding: 30px 40px; margin-bottom: 40px; box-shadow: 0 10px 25px rgba(0, 0, 0, 0.05);">
    <h2 style="color: #005f73;">📌 Warunki przyjęcia</h2>
    <ul style="padding-left: 1.5rem; font-size: 1rem; line-height: 1.8;">
      <li>✔️ ukończone technikum, szkoła policealna lub branżowa II stopnia z egzaminem zawodowym</li>
      <li>✔️ lub posiadanie świadectwa dojrzałości</li>
    </ul>
    <p>
      W chwili rekrutacji <strong>matura nie jest wymagana</strong>. Można ją dostarczyć później, by uzyskać tytuł dyplomowanego specjalisty.
    </p>
  </div>

  <div style="background: #ffffff; border-radius: 16px; padding: 30px 40px; margin-bottom: 40px; box-shadow: 0 10px 25px rgba(0, 0, 0, 0.05);">
    <h2 style="color: #005f73;">📊 Podsumowanie: czym jest kształcenie specjalistyczne?</h2>
    <ul style="padding-left: 1.5rem; font-size: 1rem; line-height: 1.8;">
      <li>🎓 Tytuł zawodowy: <strong>specjalista dyplomowany</strong></li>
      <li>📈 Poziom: <strong>5 PRK</strong></li>
      <li>⏱️ Czas trwania: <strong>3 semestry</strong></li>
      <li>💼 Profil: <strong>praktyczny</strong></li>
      <li>📚 Liczba ECTS: <strong>90</strong></li>
      <li>💸 Opłaty: <strong>już od 250 zł/mies.</strong></li>
      <li>🧾 Opłata rekrutacyjna: <strong>100 zł</strong></li>
    </ul>
    <p><strong>📌 Kierunek uruchamiany po zebraniu minimalnej liczby zgłoszeń.<br>
    📅 Harmonogram ustalany po zakończeniu rekrutacji.</strong></p>
  </div>

  <div style="text-align: center;">
    <img decoding="async" src="https://rekrutacja.wsgk.com.pl/wp-content/uploads/2020/09/specjalistyczne.jpg" alt="Specjalistyczne studia" style="max-width: 100%; border-radius: 12px; box-shadow: 0 10px 25px rgba(0,0,0,0.1); margin-top: 20px;">
  </div>

</div>				</div>
				</div>
					</div>
				</div>
				</div>

<p>🎓 Kształcenie specjalistyczne – szybki zawód, realna przyszłość ✅ Dla kogo jest kształcenie specjalistyczne? ✔️ Jeśli chcesz szybko zdobyć zawód (tylko 3 semestry), bo jesteś absolwentem liceum ogólnokształcącego ✔️ Jeśli chcesz się przekwalifikować – ukończyłeś technikum lub szkołę średnią ✔️ Jeśli chcesz podnieść swoje kompetencje i przygotować się do studiów Wyższa Szkoła Gospodarki Krajowej w&hellip; <br /> <a class="read-more" href="https://rekrutacja.wsgk.com.pl/index.php/ksztalcenie-specjalistyczne-nowosc-w-wyzszej-szkole-gospodarki-krajowej-w-kutnie/">Dowiedz się więcej</a></p>
